{"id":305,"date":"2020-09-30T20:34:21","date_gmt":"2020-09-30T18:34:21","guid":{"rendered":"http:\/\/fewo-berheide.de\/?page_id=305"},"modified":"2026-03-19T11:36:18","modified_gmt":"2026-03-19T10:36:18","slug":"bilder-aus-horumersiel","status":"publish","type":"page","link":"https:\/\/fewo-berheide.de\/?page_id=305","title":{"rendered":"Bilder aus Horumersiel"},"content":{"rendered":"\n<p><strong><span class=\"has-inline-color has-colibri-color-1-color\">Horumersiel<\/span><\/strong><\/p>\n\n\n\n<p>Genie\u00dfen Sie Ihren Urlaub an der Nordsee\u00a0\u00a0in<strong> Horumersiel.<\/strong><\/p>\n\n\n\n<p>Horumersiel liegt an der Spitze des Jadebusen mit dem gesunden Nordseeklima. Diese besondere Lage bewirkt ein&nbsp;Reizklima, wie man es sonst von&nbsp;den Nordseeinseln kennt.&nbsp;&nbsp;<\/p>\n\n\n\n<p>Horumersiel hat einen Rasenstrand wo man in Strandk\u00f6rben (sind zu mieten) wunderbar entspannen kann. Sanit\u00e4re Einrichtungen sowie&nbsp;&nbsp;Kinderspielplatz und Kiosk sind dort vorhanden.&nbsp;<\/p>\n\n\n\n<p>Weitere&nbsp;M\u00f6glichkeiten:&nbsp; Surfen, Radfahren (<a href=\"https:\/\/www.nordseerad.de\/standort-horumersiel\/\" data-type=\"link\" data-id=\"https:\/\/www.nordseerad.de\/standort-horumersiel\/\">Fahrradverleih im Ort<\/a>) und Wattwandern, Spazierg\u00e4nge, Nordic Walking \u2026.. und vieles mehr.. St\u00e4dte in der N\u00e4he sind: Wilhelmshaven; Jever; Wittmund.<\/p>\n\n\n\n<p><a href=\"https:\/\/willkommen.wangerland.de\/de\/wangerland\/wlan\/portal\">Informationen zu Veranstaltungen Sehensw\u00fcrdigkeiten, sowie digitale Flyer und Gastronomie-Tipps<\/a><\/p>\n\n\n\n<figure class=\"wp-block-gallery has-nested-images columns-3 is-cropped wp-block-gallery-1 is-layout-flex wp-block-gallery-is-layout-flex\">\n<figure class=\"wp-block-image size-large\"><img loading=\"lazy\" decoding=\"async\" width=\"1024\" height=\"768\" data-id=\"786\" src=\"https:\/\/fewo-berheide.de\/wp-content\/uploads\/2021\/08\/2021_bilder_horumersiel_juli_deichstrasse_IMG_8450-1024x768.jpg\" alt=\"\" class=\"wp-image-786\" srcset=\"https:\/\/fewo-berheide.de\/wp-content\/uploads\/2021\/08\/2021_bilder_horumersiel_juli_deichstrasse_IMG_8450-1024x768.jpg 1024w, https:\/\/fewo-berheide.de\/wp-content\/uploads\/2021\/08\/2021_bilder_horumersiel_juli_deichstrasse_IMG_8450-300x225.jpg 300w, https:\/\/fewo-berheide.de\/wp-content\/uploads\/2021\/08\/2021_bilder_horumersiel_juli_deichstrasse_IMG_8450-768x576.jpg 768w, https:\/\/fewo-berheide.de\/wp-content\/uploads\/2021\/08\/2021_bilder_horumersiel_juli_deichstrasse_IMG_8450-1536x1152.jpg 1536w, https:\/\/fewo-berheide.de\/wp-content\/uploads\/2021\/08\/2021_bilder_horumersiel_juli_deichstrasse_IMG_8450-2048x1536.jpg 2048w\" sizes=\"(max-width: 1024px) 100vw, 1024px\" \/><figcaption class=\"wp-element-caption\">Deichstra\u00dfe Richtung Ort<\/figcaption><\/figure>\n\n\n\n<figure class=\"wp-block-image size-large\"><img loading=\"lazy\" decoding=\"async\" width=\"1024\" height=\"695\" data-id=\"785\" src=\"https:\/\/fewo-berheide.de\/wp-content\/uploads\/2021\/08\/2021_bilder_horumersiel_juli_deichstrasse_IMG_8449-1024x695.jpg\" alt=\"\" class=\"wp-image-785\" srcset=\"https:\/\/fewo-berheide.de\/wp-content\/uploads\/2021\/08\/2021_bilder_horumersiel_juli_deichstrasse_IMG_8449-1024x695.jpg 1024w, https:\/\/fewo-berheide.de\/wp-content\/uploads\/2021\/08\/2021_bilder_horumersiel_juli_deichstrasse_IMG_8449-300x204.jpg 300w, https:\/\/fewo-berheide.de\/wp-content\/uploads\/2021\/08\/2021_bilder_horumersiel_juli_deichstrasse_IMG_8449-768x521.jpg 768w, https:\/\/fewo-berheide.de\/wp-content\/uploads\/2021\/08\/2021_bilder_horumersiel_juli_deichstrasse_IMG_8449-1536x1042.jpg 1536w, https:\/\/fewo-berheide.de\/wp-content\/uploads\/2021\/08\/2021_bilder_horumersiel_juli_deichstrasse_IMG_8449-2048x1389.jpg 2048w\" sizes=\"(max-width: 1024px) 100vw, 1024px\" \/><figcaption class=\"wp-element-caption\">Deichstra\u00dfe Richtung Deich<\/figcaption><\/figure>\n\n\n\n<figure class=\"wp-block-image size-large\"><img loading=\"lazy\" decoding=\"async\" width=\"1024\" height=\"576\" data-id=\"746\" src=\"https:\/\/fewo-berheide.de\/wp-content\/uploads\/2021\/07\/2021_bilder_horumersiel_umgebung_20210721_193129-1024x576.jpg\" alt=\"\" class=\"wp-image-746\" srcset=\"https:\/\/fewo-berheide.de\/wp-content\/uploads\/2021\/07\/2021_bilder_horumersiel_umgebung_20210721_193129-1024x576.jpg 1024w, https:\/\/fewo-berheide.de\/wp-content\/uploads\/2021\/07\/2021_bilder_horumersiel_umgebung_20210721_193129-300x169.jpg 300w, https:\/\/fewo-berheide.de\/wp-content\/uploads\/2021\/07\/2021_bilder_horumersiel_umgebung_20210721_193129-768x432.jpg 768w, https:\/\/fewo-berheide.de\/wp-content\/uploads\/2021\/07\/2021_bilder_horumersiel_umgebung_20210721_193129-1536x864.jpg 1536w, https:\/\/fewo-berheide.de\/wp-content\/uploads\/2021\/07\/2021_bilder_horumersiel_umgebung_20210721_193129-2048x1152.jpg 2048w\" sizes=\"(max-width: 1024px) 100vw, 1024px\" \/><figcaption class=\"wp-element-caption\">Horumersiel Umgebung<\/figcaption><\/figure>\n\n\n\n<figure class=\"wp-block-image size-large\"><img loading=\"lazy\" decoding=\"async\" width=\"1024\" height=\"576\" data-id=\"306\" src=\"https:\/\/fewo-berheide.de\/wp-content\/uploads\/2020\/09\/20200923_185509-1024x576.jpeg\" alt=\"\" class=\"wp-image-306\" srcset=\"https:\/\/fewo-berheide.de\/wp-content\/uploads\/2020\/09\/20200923_185509-1024x576.jpeg 1024w, https:\/\/fewo-berheide.de\/wp-content\/uploads\/2020\/09\/20200923_185509-300x169.jpeg 300w, https:\/\/fewo-berheide.de\/wp-content\/uploads\/2020\/09\/20200923_185509-768x432.jpeg 768w, https:\/\/fewo-berheide.de\/wp-content\/uploads\/2020\/09\/20200923_185509-1536x864.jpeg 1536w, https:\/\/fewo-berheide.de\/wp-content\/uploads\/2020\/09\/20200923_185509-2048x1152.jpeg 2048w\" sizes=\"(max-width: 1024px) 100vw, 1024px\" \/><figcaption class=\"wp-element-caption\">Schafe auf dem Deich<\/figcaption><\/figure>\n\n\n\n<figure class=\"wp-block-image size-large\"><img loading=\"lazy\" decoding=\"async\" width=\"1024\" height=\"431\" data-id=\"307\" src=\"https:\/\/fewo-berheide.de\/wp-content\/uploads\/2020\/09\/20200922_113935-1024x431.jpeg\" alt=\"\" class=\"wp-image-307\" srcset=\"https:\/\/fewo-berheide.de\/wp-content\/uploads\/2020\/09\/20200922_113935-1024x431.jpeg 1024w, https:\/\/fewo-berheide.de\/wp-content\/uploads\/2020\/09\/20200922_113935-300x126.jpeg 300w, https:\/\/fewo-berheide.de\/wp-content\/uploads\/2020\/09\/20200922_113935-768x324.jpeg 768w, https:\/\/fewo-berheide.de\/wp-content\/uploads\/2020\/09\/20200922_113935-1536x647.jpeg 1536w, https:\/\/fewo-berheide.de\/wp-content\/uploads\/2020\/09\/20200922_113935-2048x863.jpeg 2048w\" sizes=\"(max-width: 1024px) 100vw, 1024px\" \/><figcaption class=\"wp-element-caption\">Spielplatz<\/figcaption><\/figure>\n\n\n\n<figure class=\"wp-block-image size-large\"><img loading=\"lazy\" decoding=\"async\" width=\"1024\" height=\"631\" data-id=\"308\" src=\"https:\/\/fewo-berheide.de\/wp-content\/uploads\/2020\/09\/20200923_152639-1024x631.jpeg\" alt=\"\" class=\"wp-image-308\" srcset=\"https:\/\/fewo-berheide.de\/wp-content\/uploads\/2020\/09\/20200923_152639-1024x631.jpeg 1024w, https:\/\/fewo-berheide.de\/wp-content\/uploads\/2020\/09\/20200923_152639-300x185.jpeg 300w, https:\/\/fewo-berheide.de\/wp-content\/uploads\/2020\/09\/20200923_152639-768x473.jpeg 768w, https:\/\/fewo-berheide.de\/wp-content\/uploads\/2020\/09\/20200923_152639-1536x946.jpeg 1536w, https:\/\/fewo-berheide.de\/wp-content\/uploads\/2020\/09\/20200923_152639-2048x1262.jpeg 2048w\" sizes=\"(max-width: 1024px) 100vw, 1024px\" \/><figcaption class=\"wp-element-caption\">Ortsmitte<\/figcaption><\/figure>\n\n\n\n<figure class=\"wp-block-image size-large\"><img loading=\"lazy\" decoding=\"async\" width=\"710\" height=\"1024\" data-id=\"309\" src=\"https:\/\/fewo-berheide.de\/wp-content\/uploads\/2020\/09\/20200922_114532-710x1024.jpeg\" alt=\"\" class=\"wp-image-309\" srcset=\"https:\/\/fewo-berheide.de\/wp-content\/uploads\/2020\/09\/20200922_114532-710x1024.jpeg 710w, https:\/\/fewo-berheide.de\/wp-content\/uploads\/2020\/09\/20200922_114532-208x300.jpeg 208w, https:\/\/fewo-berheide.de\/wp-content\/uploads\/2020\/09\/20200922_114532-768x1108.jpeg 768w, https:\/\/fewo-berheide.de\/wp-content\/uploads\/2020\/09\/20200922_114532-1065x1536.jpeg 1065w, https:\/\/fewo-berheide.de\/wp-content\/uploads\/2020\/09\/20200922_114532-1420x2048.jpeg 1420w, https:\/\/fewo-berheide.de\/wp-content\/uploads\/2020\/09\/20200922_114532-scaled.jpeg 1774w\" sizes=\"(max-width: 710px) 100vw, 710px\" \/><figcaption class=\"wp-element-caption\">Gru\u00df aus Wangerland<\/figcaption><\/figure>\n\n\n\n<figure class=\"wp-block-image size-large\"><img loading=\"lazy\" decoding=\"async\" width=\"1024\" height=\"576\" data-id=\"310\" src=\"https:\/\/fewo-berheide.de\/wp-content\/uploads\/2020\/09\/20200922_113942-1024x576.jpeg\" alt=\"\" class=\"wp-image-310\" srcset=\"https:\/\/fewo-berheide.de\/wp-content\/uploads\/2020\/09\/20200922_113942-1024x576.jpeg 1024w, https:\/\/fewo-berheide.de\/wp-content\/uploads\/2020\/09\/20200922_113942-300x169.jpeg 300w, https:\/\/fewo-berheide.de\/wp-content\/uploads\/2020\/09\/20200922_113942-768x432.jpeg 768w, https:\/\/fewo-berheide.de\/wp-content\/uploads\/2020\/09\/20200922_113942-1536x864.jpeg 1536w, https:\/\/fewo-berheide.de\/wp-content\/uploads\/2020\/09\/20200922_113942-2048x1152.jpeg 2048w\" sizes=\"(max-width: 1024px) 100vw, 1024px\" \/><figcaption class=\"wp-element-caption\">Ebbe<\/figcaption><\/figure>\n\n\n\n<figure class=\"wp-block-image size-large\"><img loading=\"lazy\" decoding=\"async\" width=\"1024\" height=\"576\" data-id=\"311\" src=\"https:\/\/fewo-berheide.de\/wp-content\/uploads\/2020\/09\/horumersiel_hinterm_deich-1-1024x576.jpg\" alt=\"\" class=\"wp-image-311\" srcset=\"https:\/\/fewo-berheide.de\/wp-content\/uploads\/2020\/09\/horumersiel_hinterm_deich-1-1024x576.jpg 1024w, https:\/\/fewo-berheide.de\/wp-content\/uploads\/2020\/09\/horumersiel_hinterm_deich-1-300x169.jpg 300w, https:\/\/fewo-berheide.de\/wp-content\/uploads\/2020\/09\/horumersiel_hinterm_deich-1-768x432.jpg 768w, https:\/\/fewo-berheide.de\/wp-content\/uploads\/2020\/09\/horumersiel_hinterm_deich-1-1536x864.jpg 1536w, https:\/\/fewo-berheide.de\/wp-content\/uploads\/2020\/09\/horumersiel_hinterm_deich-1-2048x1152.jpg 2048w\" sizes=\"(max-width: 1024px) 100vw, 1024px\" \/><figcaption class=\"wp-element-caption\">Umgebung<\/figcaption><\/figure>\n\n\n\n<figure class=\"wp-block-image size-large\"><img loading=\"lazy\" decoding=\"async\" width=\"1024\" height=\"576\" data-id=\"312\" src=\"https:\/\/fewo-berheide.de\/wp-content\/uploads\/2020\/09\/horumersiel_deich_strand_001-1024x576.jpg\" alt=\"\" class=\"wp-image-312\" srcset=\"https:\/\/fewo-berheide.de\/wp-content\/uploads\/2020\/09\/horumersiel_deich_strand_001-1024x576.jpg 1024w, https:\/\/fewo-berheide.de\/wp-content\/uploads\/2020\/09\/horumersiel_deich_strand_001-300x169.jpg 300w, https:\/\/fewo-berheide.de\/wp-content\/uploads\/2020\/09\/horumersiel_deich_strand_001-768x432.jpg 768w, https:\/\/fewo-berheide.de\/wp-content\/uploads\/2020\/09\/horumersiel_deich_strand_001-1536x864.jpg 1536w, https:\/\/fewo-berheide.de\/wp-content\/uploads\/2020\/09\/horumersiel_deich_strand_001-2048x1152.jpg 2048w\" sizes=\"(max-width: 1024px) 100vw, 1024px\" \/><figcaption class=\"wp-element-caption\">bunte Strandk\u00f6rbe<\/figcaption><\/figure>\n\n\n\n<figure class=\"wp-block-image size-large\"><img loading=\"lazy\" decoding=\"async\" width=\"1024\" height=\"576\" data-id=\"313\" src=\"https:\/\/fewo-berheide.de\/wp-content\/uploads\/2020\/09\/horumersiel_schiff-1024x576.jpg\" alt=\"\" class=\"wp-image-313\" srcset=\"https:\/\/fewo-berheide.de\/wp-content\/uploads\/2020\/09\/horumersiel_schiff-1024x576.jpg 1024w, https:\/\/fewo-berheide.de\/wp-content\/uploads\/2020\/09\/horumersiel_schiff-300x169.jpg 300w, https:\/\/fewo-berheide.de\/wp-content\/uploads\/2020\/09\/horumersiel_schiff-768x432.jpg 768w, https:\/\/fewo-berheide.de\/wp-content\/uploads\/2020\/09\/horumersiel_schiff-1536x864.jpg 1536w, https:\/\/fewo-berheide.de\/wp-content\/uploads\/2020\/09\/horumersiel_schiff-2048x1152.jpg 2048w\" sizes=\"(max-width: 1024px) 100vw, 1024px\" \/><\/figure>\n\n\n\n<figure class=\"wp-block-image size-large\"><img loading=\"lazy\" decoding=\"async\" width=\"1024\" height=\"768\" data-id=\"314\" src=\"https:\/\/fewo-berheide.de\/wp-content\/uploads\/2020\/09\/horumersiel_vogel_2020-1024x768.jpg\" alt=\"\" class=\"wp-image-314\" srcset=\"https:\/\/fewo-berheide.de\/wp-content\/uploads\/2020\/09\/horumersiel_vogel_2020-1024x768.jpg 1024w, https:\/\/fewo-berheide.de\/wp-content\/uploads\/2020\/09\/horumersiel_vogel_2020-300x225.jpg 300w, https:\/\/fewo-berheide.de\/wp-content\/uploads\/2020\/09\/horumersiel_vogel_2020-768x576.jpg 768w, https:\/\/fewo-berheide.de\/wp-content\/uploads\/2020\/09\/horumersiel_vogel_2020-1536x1152.jpg 1536w, https:\/\/fewo-berheide.de\/wp-content\/uploads\/2020\/09\/horumersiel_vogel_2020-2048x1536.jpg 2048w\" sizes=\"(max-width: 1024px) 100vw, 1024px\" \/><figcaption class=\"wp-element-caption\">im Watt<\/figcaption><\/figure>\n<\/figure>\n\n\n\n<figure class=\"wp-block-gallery has-nested-images columns-3 is-cropped wp-block-gallery-2 is-layout-flex wp-block-gallery-is-layout-flex\">\n<figure class=\"wp-block-image size-large\"><img loading=\"lazy\" decoding=\"async\" width=\"1024\" height=\"627\" data-id=\"1097\" src=\"https:\/\/fewo-berheide.de\/wp-content\/uploads\/2023\/03\/2022_horumersiel_strand_20220410_191832-1024x627.jpg\" alt=\"\" class=\"wp-image-1097\" srcset=\"https:\/\/fewo-berheide.de\/wp-content\/uploads\/2023\/03\/2022_horumersiel_strand_20220410_191832-1024x627.jpg 1024w, https:\/\/fewo-berheide.de\/wp-content\/uploads\/2023\/03\/2022_horumersiel_strand_20220410_191832-300x184.jpg 300w, https:\/\/fewo-berheide.de\/wp-content\/uploads\/2023\/03\/2022_horumersiel_strand_20220410_191832-768x470.jpg 768w, https:\/\/fewo-berheide.de\/wp-content\/uploads\/2023\/03\/2022_horumersiel_strand_20220410_191832-1536x941.jpg 1536w, https:\/\/fewo-berheide.de\/wp-content\/uploads\/2023\/03\/2022_horumersiel_strand_20220410_191832-2048x1254.jpg 2048w\" sizes=\"(max-width: 1024px) 100vw, 1024px\" \/><figcaption class=\"wp-element-caption\">Blick vom Deich<\/figcaption><\/figure>\n\n\n\n<figure class=\"wp-block-image size-large\"><img loading=\"lazy\" decoding=\"async\" width=\"1024\" height=\"582\" data-id=\"1096\" src=\"https:\/\/fewo-berheide.de\/wp-content\/uploads\/2023\/03\/2022_horumersiel_hafenanlage_20220507_203744-1024x582.jpg\" alt=\"\" class=\"wp-image-1096\" srcset=\"https:\/\/fewo-berheide.de\/wp-content\/uploads\/2023\/03\/2022_horumersiel_hafenanlage_20220507_203744-1024x582.jpg 1024w, https:\/\/fewo-berheide.de\/wp-content\/uploads\/2023\/03\/2022_horumersiel_hafenanlage_20220507_203744-300x170.jpg 300w, https:\/\/fewo-berheide.de\/wp-content\/uploads\/2023\/03\/2022_horumersiel_hafenanlage_20220507_203744-768x436.jpg 768w, https:\/\/fewo-berheide.de\/wp-content\/uploads\/2023\/03\/2022_horumersiel_hafenanlage_20220507_203744-1536x873.jpg 1536w, https:\/\/fewo-berheide.de\/wp-content\/uploads\/2023\/03\/2022_horumersiel_hafenanlage_20220507_203744-2048x1164.jpg 2048w\" sizes=\"(max-width: 1024px) 100vw, 1024px\" \/><figcaption class=\"wp-element-caption\">Hafen<\/figcaption><\/figure>\n\n\n\n<figure class=\"wp-block-image size-large\"><img loading=\"lazy\" decoding=\"async\" width=\"1024\" height=\"560\" data-id=\"1095\" src=\"https:\/\/fewo-berheide.de\/wp-content\/uploads\/2023\/03\/2022_horumersiel_hafen_20220507_204038-1024x560.jpg\" alt=\"\" class=\"wp-image-1095\" srcset=\"https:\/\/fewo-berheide.de\/wp-content\/uploads\/2023\/03\/2022_horumersiel_hafen_20220507_204038-1024x560.jpg 1024w, https:\/\/fewo-berheide.de\/wp-content\/uploads\/2023\/03\/2022_horumersiel_hafen_20220507_204038-300x164.jpg 300w, https:\/\/fewo-berheide.de\/wp-content\/uploads\/2023\/03\/2022_horumersiel_hafen_20220507_204038-768x420.jpg 768w, https:\/\/fewo-berheide.de\/wp-content\/uploads\/2023\/03\/2022_horumersiel_hafen_20220507_204038-1536x840.jpg 1536w, https:\/\/fewo-berheide.de\/wp-content\/uploads\/2023\/03\/2022_horumersiel_hafen_20220507_204038-2048x1120.jpg 2048w\" sizes=\"(max-width: 1024px) 100vw, 1024px\" \/><figcaption class=\"wp-element-caption\">Hafen<\/figcaption><\/figure>\n\n\n\n<figure class=\"wp-block-image size-large\"><img loading=\"lazy\" decoding=\"async\" width=\"1024\" height=\"573\" data-id=\"1098\" src=\"https:\/\/fewo-berheide.de\/wp-content\/uploads\/2023\/03\/2022_horumersiel_umgebung_20220507_203739-1024x573.jpg\" alt=\"\" class=\"wp-image-1098\" srcset=\"https:\/\/fewo-berheide.de\/wp-content\/uploads\/2023\/03\/2022_horumersiel_umgebung_20220507_203739-1024x573.jpg 1024w, https:\/\/fewo-berheide.de\/wp-content\/uploads\/2023\/03\/2022_horumersiel_umgebung_20220507_203739-300x168.jpg 300w, https:\/\/fewo-berheide.de\/wp-content\/uploads\/2023\/03\/2022_horumersiel_umgebung_20220507_203739-768x429.jpg 768w, https:\/\/fewo-berheide.de\/wp-content\/uploads\/2023\/03\/2022_horumersiel_umgebung_20220507_203739-1536x859.jpg 1536w, https:\/\/fewo-berheide.de\/wp-content\/uploads\/2023\/03\/2022_horumersiel_umgebung_20220507_203739-2048x1145.jpg 2048w\" sizes=\"(max-width: 1024px) 100vw, 1024px\" \/><figcaption class=\"wp-element-caption\">Hinter dem Hafen<\/figcaption><\/figure>\n\n\n\n<figure class=\"wp-block-image size-large\"><img loading=\"lazy\" decoding=\"async\" width=\"1024\" height=\"574\" data-id=\"1094\" src=\"https:\/\/fewo-berheide.de\/wp-content\/uploads\/2023\/03\/2022_horumersiel_hafen_20220507_204029-1024x574.jpg\" alt=\"\" class=\"wp-image-1094\" srcset=\"https:\/\/fewo-berheide.de\/wp-content\/uploads\/2023\/03\/2022_horumersiel_hafen_20220507_204029-1024x574.jpg 1024w, https:\/\/fewo-berheide.de\/wp-content\/uploads\/2023\/03\/2022_horumersiel_hafen_20220507_204029-300x168.jpg 300w, https:\/\/fewo-berheide.de\/wp-content\/uploads\/2023\/03\/2022_horumersiel_hafen_20220507_204029-768x430.jpg 768w, https:\/\/fewo-berheide.de\/wp-content\/uploads\/2023\/03\/2022_horumersiel_hafen_20220507_204029-1536x861.jpg 1536w, https:\/\/fewo-berheide.de\/wp-content\/uploads\/2023\/03\/2022_horumersiel_hafen_20220507_204029-2048x1147.jpg 2048w\" sizes=\"(max-width: 1024px) 100vw, 1024px\" \/><figcaption class=\"wp-element-caption\">Hafen<\/figcaption><\/figure>\n<figcaption class=\"blocks-gallery-caption wp-element-caption\">Impressionen &#8211; Bilder sind Eigentum von Uwe Hahn<\/figcaption><\/figure>\n\n\n\n<p class=\"has-small-font-size\"><\/p>\n","protected":false},"excerpt":{"rendered":"<p>Horumersiel Genie\u00dfen Sie Ihren Urlaub an der Nordsee\u00a0\u00a0in Horumersiel. Horumersiel liegt an der Spitze des Jadebusen mit dem gesunden Nordseeklima. Diese besondere Lage bewirkt ein&nbsp;Reizklima, wie man es sonst von&nbsp;den Nordseeinseln kennt.&nbsp;&nbsp; Horumersiel hat einen Rasenstrand wo man in Strandk\u00f6rben (sind zu mieten) wunderbar entspannen kann. Sanit\u00e4re Einrichtungen sowie&nbsp;&nbsp;Kinderspielplatz und Kiosk sind dort vorhanden.&nbsp; Weitere&nbsp;M\u00f6glichkeiten:&nbsp; [&hellip;]<\/p>\n","protected":false},"author":1,"featured_media":0,"parent":0,"menu_order":0,"comment_status":"closed","ping_status":"closed","template":"","meta":{"footnotes":""},"_links":{"self":[{"href":"https:\/\/fewo-berheide.de\/index.php?rest_route=\/wp\/v2\/pages\/305"}],"collection":[{"href":"https:\/\/fewo-berheide.de\/index.php?rest_route=\/wp\/v2\/pages"}],"about":[{"href":"https:\/\/fewo-berheide.de\/index.php?rest_route=\/wp\/v2\/types\/page"}],"author":[{"embeddable":true,"href":"https:\/\/fewo-berheide.de\/index.php?rest_route=\/wp\/v2\/users\/1"}],"replies":[{"embeddable":true,"href":"https:\/\/fewo-berheide.de\/index.php?rest_route=%2Fwp%2Fv2%2Fcomments&post=305"}],"version-history":[{"count":11,"href":"https:\/\/fewo-berheide.de\/index.php?rest_route=\/wp\/v2\/pages\/305\/revisions"}],"predecessor-version":[{"id":1458,"href":"https:\/\/fewo-berheide.de\/index.php?rest_route=\/wp\/v2\/pages\/305\/revisions\/1458"}],"wp:attachment":[{"href":"https:\/\/fewo-berheide.de\/index.php?rest_route=%2Fwp%2Fv2%2Fmedia&parent=305"}],"curies":[{"name":"wp","href":"https:\/\/api.w.org\/{rel}","templated":true}]}}